175*n - 1. Let s be l(b). Suppose s = 4*f - 30. Is f a prime number?
False
Let c = 24474 + -10675. Is c a prime number?
True
Suppose 256*z = 265*z + 1125. Is (9 + z/15)*2913 a composite number?
True
Suppose 6*w = -4*w + 22570. Let y = w - 1062. Is y composite?
True
Suppose -2*j - 205139 = 2*s - 519097, 4*s = 3*j + 627874. Is s a composite number?
True
Suppose 0 = 2*v + w - 11, -2*v + w + 5 = -4. Suppose -5*r - v*l - 70 = 0, -5*r + l = 14 + 32. Is -2 + 24/15 + (-4514)/r prime?
False
Suppose 94*j = 91*j + 10284. Suppose 9*y = 8*y + j. Let f = y - 1722. Is f a composite number?
True
Suppose -29 = 4*w - 2*s + 13, -2*w - 24 = -4*s. Let u be 28*((-786)/w)/(24/30). Suppose -17*r = -20*r + u. Is r composite?
True
Suppose 3*w - o - 268152 = 2*o, -12 = -4*o. Is w a prime number?
True
Is (-17)/(-68) - 7767666/(-24) prime?
False
Suppose -5*c = -f + 61169, -6*c - 305897 = -5*f - 7*c. Is f prime?
False
Suppose 0 = 314*u - 203894563 - 93718091. Is u composite?
True
Suppose 17*m = 11*m + 18. Suppose -m*o = -2*y + 532 - 224, 3*o + 151 = y. Is y a composite number?
False
Let y = -15 - -13. Let g be (-3571 - (-42)/7)*(y - -1). Suppose -g = 3*l - 8*l. Is l prime?
False
Suppose 4*s - 2582225 = -2*s + s. Is s a prime number?
False
Let k = 123 - 172. Let p be 6/(-21) - (-427)/k. Is 2/p - 44745/(-27) composite?
False
Let s be 23/(-3)*(4 + -7). Suppose s*y + 3942 = 25*y. Suppose -y = -4*n + 121. Is n a composite number?
False
Let w(j) = -101*j + 17. Let g(t) = t. Let s(m) = 5*g(m) - w(m). Is s(12) prime?
False
Let o = -505 - -499. Is (-950325)/(-90) + 7/o + 1 a prime number?
True
Suppose 98*s = 104*s - 1668. Let y = 1691 + s. Is y prime?
False
Suppose -18*s = -3*g + 39543, 0*g + 4*s + 65801 = 5*g. Is g a composite number?
True
Suppose 2*q + 6*s - 4*s - 28 = 0, -16 = -4*s. Suppose -q*h = -8*h - 6202. Is h a composite number?
True
Suppose l - 29 = 4*n - 9*n, 13 = n + 2*l. Suppose -n*o = 50 - 30. Is (2*26/o)/((-2)/22) prime?
False
Suppose 240 = -39*a + 43*a. Suppose 0 = -3*v - 5*p + 13, -3*v - a = -7*v + 4*p. Suppose v = -x + 42. Is x a composite number?
False
Suppose 51321 = -8*g + 5*r + 668459, 0 = 3*g - 5*r - 231433. Is g a prime number?
True
Let w be 1*(11 + -1)/((-14)/(-3997)). Let u = w + -1736. Is u prime?
False
Suppose -2*j - 5*p = j + 49, -3*j - 2*p - 43 = 0. Let k(d) = 113*d + 22. Let o(r) = -233*r - 43. Let h(a) = -7*k(a) - 3*o(a). Is h(j) composite?
False
Let j(r) = -100520*r + 67. Let b be j(6). Is b/(-44) - 6/8 a composite number?
True
Let u(i) = 6*i**3 + i**2 - 8*i + 7. Let r(p) = -14*p**3 - 3*p**2 + 16*p - 15. Let g(j) = 4*r(j) + 9*u(j). Is g(-4) prime?
False
Let f(c) = 132*c**2 - 18*c + 11. Suppose -8 = i + 3*x, -10*x + 13*x = i - 22. Is f(i) composite?
False
Let p be 2 - 2 - (-3 - (4 + -6)). Let c be (-18)/(-9) - (5 - p) - -2826. Let k = c + -1665. Is k a prime number?
False
Let k = -310 + 377. Suppose 0 = 70*p - k*p - 7281. Is p composite?
True
Is 1/2*(-1 + (-40 - -601419)) a composite number?
True
Suppose -1039*u + 1036*u = -30669. Is u composite?
False
Let h(c) = -61*c + 89. Let x be (-84)/8*(-40)/(-30). Is h(x) prime?
False
Let x = 43995 - 25456. Is x a composite number?
False
Let z(h) = 38668*h - 1563. Is z(10) composite?
True
Is 16/16 + -7 + 0 + 774763 a composite number?
False
Let o be 3020/30 + 2/12*-4. Suppose 4*s - o = 112. Is s a prime number?
True
Let p be (-188)/423*(-8 + -1). Suppose -10341 = -3*k - 0*f + 2*f, p*k - 5*f - 13781 = 0. Is k a composite number?
False
Suppose 0 = k + 3 - 0. Let w(s) be the third derivative of -385*s**4/12 - 4*s**3/3 - 9*s**2 + 5*s. Is w(k) a prime number?
False
Let l(m) be the third derivative of 71*m**4/6 + 131*m**3/6 - m**2 + 20. Is l(22) a prime number?
True
Let g be 35*(45/(-35) - -3). Suppose -5*v + 2*v = g. Let z(k) = 5*k**2 - 11*k + 25. Is z(v) composite?
True
Suppose -8*v + 4*v = l - 25282, -2*v = 0. Suppose -3*m - 25286 = -2*j, 4*j + 2*m = 6*j - l. Is j a prime number?
True
Let w = 1 + 0. Let y be -6*((-2 - 2)*2 + (-246)/(-41)). Is (w + y/(-9))/(3/(-3051)) prime?
False
Let n(j) = 6*j - 164. Let g be n(28). Suppose -x - 3*x + 3*p = -6099, -g*p = -x + 1515. Is x a composite number?
True
Let w(b) = b**3 - 5*b**2 - 5*b + 3. Let v be w(6). Let x(h) be the second derivative of h**4/3 - 3*h**3/2 - 4*h**2 - 4021*h. Is x(v) composite?
True
Suppose -4*p + 32 = -4*y, -2*p = 3*p + 5*y - 70. Let j(r) = 0*r + 71 + p*r + 3*r. Is j(17) a composite number?
True
Suppose 30 = 4*x + 2*z - 60, z + 80 = 3*x. Suppose u + 22 = x. Suppose 2*j - 6 = -0, 2*s + u*j = 71. Is s composite?
False
Suppose -4*t + 5*g + 140779 = 0, 2*g - 148976 = -4*t - 8162. Is t a composite number?
False
Suppose 3*a + 7 = 5*x, 5*a = -x + 3*a - 9. Suppose -14*k + 1928 = -2160. Is k*x/(8/(-26)) composite?
True
Suppose -w = -s + 24808, 0 = s + 174*w - 178*w - 24805. Is s a prime number?
True
Suppose -2*i + 49563 = 3*b, -3*b + 3*i + 54125 = 4547. Suppose r - b = -3*h, -2*h + r = -0*r - 11022. Is h a composite number?
True
Suppose -3992 = 3*f - 7*f. Let d(x) = x**2 + 54*x - 87. Let w be d(22). Let v = w - f. Is v prime?
True
Let u(g) = 5714*g**2 + 18*g - 39. Suppose 43*s = -3*s + 92. Is u(s) prime?
True
Is 19212/(-30)*(2454/(-12) + 3 - -4) a composite number?
True
Suppose 0 = 10*f + 172 + 48. Let i(v) = -1722*v + 67. Is i(f) prime?
True
Let n be 1 + 2 - 5 - -4. Suppose 10 = 7*z - n*z. Is (z/(2 + 0))/((-3)/(-345)) prime?
False
Is 4/((-36)/(-192901)) + 4/(-9) a prime number?
True
Suppose 5*q + 5*t - 30 = -0*q, 3*q + t - 10 = 0. Suppose q*v = v + 2486. Suppose -2*d + v = -0*d. Is d prime?
False
Let m = 6 + 30. Is 0/(m/(-6)) - -3011 prime?
True
Suppose -3741 = 63*s - 138687. Let w = 191 + s. Is w prime?
True
Let a = 97996 - 40241. Is a prime?
False
Let u(h) be the first derivative of -257*h**2/2 + 89*h + 34. Is u(-16) a prime number?
True
Let p(h) = -h**2 - 8*h - 11. Let a be p(-4). Is (a - 42/7)*(-1 + -6100) a prime number?
True
Is 3/33 - 1800/110*-13527 a composite number?
True
Let j be 1 + (-28)/16 - 35/(-4). Suppose 3*d = -4*a + 17, 0 = -2*d + 2*a - 3*a + j. Is 2 - (((-32)/1)/1 + d) a composite number?
False
Suppose 185091 = 4*p + 3*i, -i = -p - 5359 + 51637. Suppose 58*g - p = 43*g. Is g a prime number?
False
Suppose 4*d + m = 2*m - 15522, 0 = -2*d - 2*m - 7756. Let j = 2239 - d. Is j a composite number?
True
Let w be 27 + 0 - 4/(-2)*-1. Let l(o) = 58*o + 18*o**2 - w - 12*o**2 - 60*o + o**3 + 13*o**2. Is l(-18) prime?
False
Is -1*(-3 + 5)*9/(-18)*15103 prime?
False
Let a = 14142 + 1616. Suppose -6523 = -21*z + a. Is z a composite number?
False
Suppose -2*j = -5*f - 9803, 0 = j - 170*f + 174*f - 4921. Is j a composite number?
False
Let n = 63 - -124. Suppose 3*l - 1469 = -p, 0 = -3*l + 3*p + n + 1298. Is l a composite number?
False
Suppose 6*o = 5*v + 8*o - 9, 12 = 3*v - o. Suppose 2*l + 5*f - 7007 = 0, -v*l + 0*f - 2*f = -10527. Is l a prime number?
True
Suppose 7*y - 5 = 23. Let l(r) = -y + 5 + 85*r**2 + 56*r - 2 - 63*r. Is l(3) composite?
False
Let r(j) = -j**3 + 6*j**2 + 17*j - 8. Let q be r(8). Suppose q = 5*d + v + 2*v + 40, 5*d = 4*v - 75. Let w(a) = a**3 + 13*a**2 - 19. Is w(d) composite?
False
Let s(m) = 60*m**3 - 15*m**2 - 3*m + 31. Is s(3) a prime number?
False
Suppose 1 = 3*l - 11. Suppose 0 = -9*z + l*z. Suppose z = -4*x + p + 1773, 0 = 3*x - 4*x - 5*p + 438. Is x a composite number?
False
Let f = 4065 - -3455. Let k = 12007 - f. Is k prime?
False
Suppose 0 = 3*c + 5*n - 549989, 9*n + 16 = 7*n. Is c composite?
False
Suppose 16*w = -w + 561. Is ((-3594)/4)/(-1 - w/(-42)) prime?
False
Suppose 5*o + f = 21 + 19, 3*f = 3*o - 42. Let i(s) be the second derivative of 51*s**3/2 - 8*s**2 + 911*s. Is i(o) composite?
False
Let f be (-17460)/(-198) + 4/(-22). Is -1*2/8 + 8558/f a prime number?
True
Let j(o) = 1489*o**2 - 172*o + 1419. Is j(8) a prime number?
True
Suppose -8*c + 10586 = 1082. Let a = -287 + c. Is a prime?
False
Let g(k) be the first derivative of 8*k**3/3 - 7*k**2 - 201*k - 51. Is g(-9) composite?
True
Let y = 48 - 46. Suppose -2*d = y, 3*d = o - 6 - 1. Is (38/(-57))/(o/(-426)) a prime number?
True
Let w be 7*5*1/35. Is w + (-4 - (-19)/(76/28296)) a composite number?
True
Let y = 108572 - 54051. Is y composite?
False
Let a be (15/(-10))/(6/56). Let o = a - -10. Let q(p) = -9*p**3 + 4*p - 7. Is q(o) prime?
False
Let n be (2 - 5)/((-3)